 the value of -6 - ((-1 - 2) + 2) - -1?
-4
-6 - -2 - -5 - 2
-1
-7 + (3 + 8 - -2)
6
Calculate 4 + (7 - 12 - (4 + -2)).
-3
What is -17 + (42 - 18) + 0 + -14?
-7
Calculate -1 - -1 - (19 - (13 - -7)).
1
Calculate -2 - 0 - -2 - 0.
0
-5 + -11 + 14 + 0 + 5
3
Evaluate 1 + 2 + (-6 - -7 - -1).
5
What is the value of -15 + (2 - -9) + -3?
-7
Evaluate (0 - -3) + -1 - (-50 + 48).
4
Evaluate -2 + 3 - (1 - -2).
-2
Calculate -2 - (2 - 11) - 13.
-6
What is 2 + -3 + 4 + -1 - 1?
1
What is the value of -15 - -10 - (-6 - 2)?
3
Evaluate -1 + (-2 - 0) - (18 - 13).
-8
-5 - 0 - (-5 - -5 - 0)
-5
What is the value of -3 + (15 - 6) + (1 - 3)?
4
Calculate 6 + (6 - (-1 + 9 + 1)).
3
What is 3 - 4 - 5 - (-2 - -1)?
-5
Calculate 5 + (-3 + -2 - 2 - 0).
-2
Calculate 2 - (-1 - (-20 - -8)).
-9
What is the value of -8 + (2 - (5 + -11 + 3))?
-3
-1 + 6 - (7 + -7)
5
What is 7 - ((5 - 4) + (2 - 0))?
4
-7 + -1 + (10 + -7 - -2)
-3
What is 1 + -4 - (1 - 1)?
-3
What is the value of -5 + 0 - (16 + -21)?
0
5 + -2 + -5 + 5
3
What is the value of (-3 + -1 - 3) + 4 + -4?
-7
What is the value of (3 - -1) + (-5 - -1)?
0
Calculate (0 - -2) + (21 - 20).
3
What is the value of -3 + 1 + 6 + -1?
3
What is the value of (-2 + 7 - 6) + -6?
-7
Evaluate -3 + (4 - 3) + -3.
-5
What is -4 - (3 + 1 + 2 + -5)?
-5
What is the value of 1 + -2 - (4 - 8)?
3
What is (-4 - 1 - -6) + -7 + 1?
-5
What is 4 - (5 + -9 + 4)?
4
Evaluate (3 - 10 - -4) + -2.
-5
Calculate (-12 - -12) + 1 + 2.
3
4 + (-2 + 0 + 3 - 9)
-4
3 + -5 + 7 + -3
2
Calculate (-7 - -5) + (0 - (-1 + -3)).
2
Calculate 3 - (3 - (2 - 6)) - -6.
2
What is the value of -5 + 5 + (2 - (2 - -2))?
-2
What is (10 - -2) + -24 + 15?
3
What is 11 - (-7 - (-7 + -9))?
2
What is the value of 6 - (7 + -3 + -3)?
5
Calculate 2 - -3 - (0 + 2) - 7.
-4
What is the value of (-5 - (-6 + 2)) + -3 + 0?
-4
2 + (0 - 0) + -4
-2
What is the value of 3 + (-3 - (-1 + 0) - 2)?
-1
Calculate (13 - 12) + (-4 - (2 + -3)).
-2
5 + -7 - 0 - 4
-6
What is the value of 12 - 6 - 13 - -8?
1
What is (0 - (-1 - 1)) + -6 + 9?
5
Evaluate (2 - 1) + 3 - (13 - 10).
1
What is (2 - 5) + (-1 - (-8 + 8))?
-4
12 + -28 + 2 - (3 - 7)
-10
What is -1 - -16 - (39 - 29)?
5
Evaluate -1 - -7 - (8 - 0).
-2
What is 8 + 0 + -2 + -4?
2
What is the value of (9 - (11 - 11)) + -9?
0
Calculate (84 - 83) + (2 - 2) + 7.
8
Evaluate 15 + -7 - (1 + 2).
5
-6 - (-1 - (-2 - (-4 - -1)))
-4
What is the value of -9 - -4 - (-11 + -1 + 4)?
3
9 + -4 + -3 + -1 + 3
4
Calculate 2 + -4 + 3 - 3.
-2
What is the value of 2 + -11 - -13 - -6?
10
Calculate -3 + (0 - -5 - -1).
3
Evaluate (1 - 8) + -34 + 47.
6
2 - -1 - (-3 - -4)
2
Calculate (-4 - 0) + 12 - 3.
5
What is 3 - (-6 + (-3 - -7))?
5
What is the value of -9 - (-1 - (-5 - -3))?
-10
Calculate (16 + -16 - (5 + -2)) + -2.
-5
6 - ((15 - 4) + -3)
-2
Calculate (-2 - (-1 - 7)) + -9.
-3
What is (1 - 3) + -3 + 9 + -6?
-2
4 - 5 - -3 - -2
4
(3 - (0 - 0)) + 11 + -10
4
What is 1 - 2 - (-3 + 1 + 0)?
1
What is the value of (-10 - -3) + 7 + 1?
1
3 - ((-38 - -45) + (1 - 7))
2
-2 - (3 - (-1 + 2 + 1))
-3
Evaluate -1 + 3 - 8 - 0.
-6
What is -3 - -1 - ((-5 - -8) + -2)?
-3
Evaluate -3 + -28 + 29 + -3 + -1.
-6
Evaluate 0 + -7 - -2 - -4.
-1
Evaluate (-7 - -14 - 5 - 0) + 1.
3
What is the value of 7 + (0 - 1 - -1) + -2?
5
Calculate -3 + (8 - (6 + 6)).
-7
-8 + (8 - -1) + -4
-3
What is (-1 - -4) + -3 + 0?
0
4 + -5 + 1 - -4
4
9 - (-2 + 1 - -6)
4
Evaluate 6 - (24 - (-7 + 18)).
-7
What is the value of 8 + (-2 - 0) - (-1 + 7)?
0
What is -3 + (-4 - -8) + -1 + -2?
-2
Evaluate (8 - (0 + 3)) + -1.
4
What is 16 - 9 - (2 - -5)?
0
Calculate -1 - (-6 - 2 - -3).
4
What is -18 - -9 - -3 - -2?
-4
Calculate -9 + 15 - (-3 + 6).
3
Evaluate -1 + (7 - 1) + -8.
-3
Calculate 6 - (1 + (2 - (-1 - -2))).
4
What is 0 + (4 - 2 - -2)?
4
5 + 2 + -9 + 6 + -4
0
8 - (-6 + 7 - -7)
0
What is the value of 2 + 1 + -1 + -3?
-1
10 + 10 + -4 + -8
8
What is (-5 - -4 - 2) + 10 + -2?
5
Evaluate (1 - 1) + (-1 + -4 - -4).
-1
Evaluate 8 - 0 - (-5 + 8) - 9.
-4
Calculate (-1 - 1) + -13 + 19.
4
What is the value of 2 + -6 - (0 + 1 + -4)?
-1
What is the value of (-2 + (1 - 6) - -9) + -4?
-2
10 + -2 + (-3 - (11 - 14))
8
1 + -6 + 9 - (0 - -4)
0
Calculate -8 - (-6 + 0 + 3 + 0).
-5
What is the value of -5 + (-17 - -12) + 6?
-4
What is (-2 - -9) + -6 + (-1 - 2)?
-2
What is (-3 - 0) + 8 + 4 + -6?
3
Calculate 8 + -2 + 0 - (2 - 1).
5
Evaluate -2 - (5 + (1 + -3 - -1)).
-6
What is (-1 - (2 - 7)) + -7 + -2?
-5
Evaluate -7 + 14 + -1 + (-4 - 0).
2
0 + 3 + 0 - (5 - 1)
-1
Calculate 1 + (3 - (-3 + 3)).
4
Calculate (3 + -11 - (-10 - -9)) + -1.
-8
Evaluate 1 + (-2 - 2 - -1) + 2.
0
Calculate -9 + (5 - 0) - -3.
-1
0 + -1 - (-2 + -3 + 0)
4
Calculate 7 - (12 + -1) - (-1 + -8).
5
Calculate 8 - 1 - (8 + 0).
-1
What is 3 - (-3 - (-4 + -3))?
-1
(-2 - (1 + -3)) + -5
-5
-8 - ((-11 - -13) + -9)
-1
17 - 10 - (1 - (-3 - -3))
6
Calculate -4 + (-3 - -1 - 2 - -6).
-2
Evaluate 1 + 2 - (-2 + 6 + -2).
1
What is the value of (-4 - -2) + -12 + 10?
-4
(0 - (3 + 2 - -3)) + 2
-6
-3 + -1 + -2 + 3
-3
What is the value of 0 - (-1 + 5 + 0)?
-4
Calculate (1 + -1 - -8) + -5.
3
-5 - (1 + -6 - -6)
-6
Calculate 6 + (-7 + 1 - -6).
6
(-9 - -17 - 10) + 0
-2
What is the value of 8 - (6 + -12 - -8)?
6
Calculate (-2 - -3) + -12 - -14.
3
Calculate 0 + 3 + (-12 - -8) - 3.
-4
(-12 - -8) + (5 - (-1 + 3))
-1
What is 3 - (2 - -6) - (-16 + 13)?
-2
What is -35 + 38 + (1 - 4) + 6?
6
2 + 8 - (-56 + 57)
9
-1 - (-1 - (-3 + 4 - -1))
2
Evaluate -11 + 2 + 4 + 5.
0
Calculate -5 - (10 - 27) - 4.
8
What is the value of (1 - (-3 - -1 - -9)) + 1?
-5
What is -3 + (6 - -5 - 4)?
4
What is 1 - (-9 + 4 + 6 + 2)?
-2
Calculate 3 + (-7 - (-5 + 1)).
0
What is the value of -32 + 33 - (0 - 0)?
1
What is the value of 8 + -1 + -4 + 1?
4
14 + -3 - 11 - -6
6
What is 4 - (-11 - (-3 - 5)) - 5?
2
What is the value of 1 - 1 - (7 + -9) - 0?
2
What is (-4 - (-8 - -2)) + -11?
-9
2 + 2 + -7 + (-3 - -1)
-5
Calculate -2 + 2 + 3 - 5.
-2
What is (-4 - 1 - -7) + 1 - -1?
4
-6 + 16 + (-2 - 1) + -1
6
(-1 - 2) + -9 + 16 - -2
6
What is (0 - (7 - 2 - 0)) + -1?
-6
Evaluate -1 + (-3 - -7 - 0) + -3.
0
Calculate 0 + -8 - -3 - -5.
0
9 - (5 - (-5 + 2))
1
What is 1 + 0 + 47 + -42?
6
12 - (9 - 3) - 3
3
-8 + (4 + -4 - -4)
-4
Evaluate 0 + (6 - -4 - 4) + 2.
8
Calculate -3 + 6 + (-1 + 6 - 7).
1
What is the value of -1 + (-10 + 9 - -5)?
3
Evaluate -5 - (-5 - (4 - 4)).
0
What is the value of -14 - -15 - (-1 + 1 + -1)?
2
-6 + (10 - -7) + -7
4
Calculate -7 + (-3 - -2 - -4 - 1).
-5
Calculate -6 + 10 - -13 - 12.
5
-2 - (2 + 2 - 9)
3
-6 - (8 + 5 + -16)
-3
Calculate -8 + (1 - 3 - (3 + -7)).
-6
Calculate -5 + (-5 - (-2 + 6) - -21).
7
What is the value of -10 + 5 + 12 - 5?
2
-1 - (-4 + 3 + -5)
5
What is the value of (-5 - -5) + -2 - 1?
-3
Calculate -13 - (-56 + 49 + 2 + -1).
-7
What is the value of -11 + 16 - 2 - 9?
-6
Evaluate (3 - -2 - 6) + 6 + 0.
5
0 + 11 + (-71 - -69) + 1
10
What is the value of (-2 - 4) + 5 + 0?
-1
What is the value of (-3 - (-5 + -1 - 0)) + -3?
0
What is 10 + -3 + (-7 - 2)?
-2
Calculate (3 - (6 - -1)) + 4.
0
Calculate -2 - (-3 + 6 - 1).
-4
What is the value of -2 + (-5 + (3 - 0) - 1)?
-5
1 + -9 + 2 + -3 + 10
1
Calculate (-3 + -1 - -6) + (2 - -1).
5
What is (-4 + 7 + 4 - 5) + -10?
-8
Evaluate -2 + -5 + 3 - -4.
0
What is -6 + (1 - -1) + (6 - 6)?
-4
Calculate 1 - 1 - (13 - 16).
3
Evaluate 1 + (-2 - -4) + -2 + 0.
1
Calculate -8 - -1 - (63 + -68).
-2
-7 + 4 + 3 + -4
-4
What is -2 - (-5 - -1 - (-5 + -1))?
-4
Evaluate -4 - (-1 - -4 - (7 + -3)).
-3
What is 0 + (1 + (-5 - -2) - -10)?
8
What is -2 - -13 - (2 + 0 + 4)?
5
What is the value of 0 + 7 - (29 - 28)?
6
What is 4 + 1 + -3 - (2 + 2)?
-2
What is the value of (8 - 4) + -4 - (3 + 0)?
-3
(-3 - 0) + 30 + -24
3
Evaluate 1 - 1 - (-16 + 0 + 21).
-5
What is 32 + -39 + 2 + 0?
-5
What is the value of (2 - 1) + (2 - 3) + 4?
4
Evaluate -14 + (-1 - (-7 + 1)).
-9
What is the value of -57 + 55 + -1 + 2 + 2?
1
What is (4 - -2) + -1 + -11 - -12?
6
What is -2 + (2 - (-3 - -1)) - 0?
2
What is the value of -2 - (-10 + 9 - -4)?
-5
-1 + 2 - (-2 - (4 - 12))
-5
Evaluate -3 + 7 + -2 - (-12 + 9).
5
Evaluate -2 + -14 + -40 + 54.
-2
What is 6 - -10 - (-1 + 6) - 5?
6
Evaluate (-2 - 4) + (0 - 2 - -5).
-3
(6 + -7 - -6) + 0 + -1
4
What is 1 - (-3 + (-5 - -7))?
2
What is the value of -8 + -3 + 7 + 8 + -5?
-1
-1 + -9 + 6 + 0
-4
What is 6 - (13 + 2 - 6)?
-3
Evaluate